{"id":74,"date":"2011-02-14T23:46:57","date_gmt":"2011-02-14T23:46:57","guid":{"rendered":"http:\/\/www.traellerpfeifen.de\/?page_id=2"},"modified":"2025-08-23T21:04:50","modified_gmt":"2025-08-23T21:04:50","slug":"eine-seite-2","status":"publish","type":"page","link":"https:\/\/www.traellerpfeifen.de\/?page_id=74","title":{"rendered":"Galerie \/ Videos"},"content":{"rendered":"<p>Parnterst\u00e4dte &#8211; Partnerch\u00f6re: Krakofonia in N\u00fcrnberg 2025<br \/>\nFotos <a href=\"https:\/\/www.gaycon.de\">Gaycon<\/a><br \/>\nngg_shortcode_0_placeholder<\/p>\n<p>MaleDIVEN 2024<br \/>\nngg_shortcode_1_placeholder<\/p>\n<p>CSD 2023 in N\u00fcrnberg<br \/>\nngg_shortcode_2_placeholder<\/p>\n<p>Various Voices 2023 in Bologna<br \/>\nngg_shortcode_3_placeholder<\/p>\n<p>Partnerst\u00e4dte &#8211; Partnerch\u00f6re: die Doodles in N\u00fcrnberg<br \/>\nngg_shortcode_4_placeholder<\/p>\n<p>INZIdance in Stuttgart mit der Rosa Note 2023<br \/>\nngg_shortcode_5_placeholder<\/p>\n<p>Monaccord 2022<br \/>\nngg_shortcode_6_placeholder<\/p>\n<p>Diven &#8211; Lieder der G\u00f6ttlichen 2022<br \/>\nngg_shortcode_7_placeholder<\/p>\n<p>CSD N\u00fcrnberg 2021<br \/>\nngg_shortcode_8_placeholder<\/p>\n<p>2020: Hospizverein, Wanderung<br \/>\nngg_shortcode_9_placeholder<\/p>\n<p>PraguePride 2019 &#8211; Rathausempfang, Konzert und Parade<br \/>\nngg_shortcode_10_placeholder<\/p>\n<p>CSD N\u00fcrnberg 2019 &#8211; Freiheit und Parade<br \/>\nngg_shortcode_11_placeholder<\/p>\n<p>Kreisch 2019 &#8211; S\u00fcddeutsches Schwul-Lesbisches Ch\u00f6retreffen in Karlsruhe<br \/>\nngg_shortcode_12_placeholder<\/p>\n<p>Jubil\u00e4umskonzert 20 Jahre Tr\u00e4llerpfeifen, Reprise im S\u00fcdpunkt 12.11.2017 (Bilder von Sophie Gre\u00df)<br \/>\nngg_shortcode_13_placeholder<\/p>\n<p>Konzertausschnitte 2014-2016<br \/>\n<iframe loading=\"lazy\" src=\"https:\/\/www.youtube.com\/embed\/dRv7Q61inII\" allowfullscreen=\"allowfullscreen\" width=\"560\" height=\"315\" frameborder=\"0\"><\/iframe><\/p>\n<p>Stra\u00dfenfest gegen Rassismus und Diskriminierung 11.06.2016<br \/>\nngg_shortcode_14_placeholder<\/p>\n<p>QueerTakte Mainz 04.-07.06.2015<br \/>\nngg_shortcode_15_placeholder<\/p>\n<p>Various Voices Dublin 13.-16.06.2014<br \/>\nngg_shortcode_16_placeholder<br \/>\n<!--\n<iframe loading=\"lazy\" width=\"560\" height=\"315\" src=\"https:\/\/www.youtube.com\/embed\/R9W7VjLdp-4\" frameborder=\"0\" allowfullscreen><\/iframe>\n--><\/p>\n<p>Estragon 08.02.2014<br \/>\nngg_shortcode_17_placeholder<\/p>\n<p>Internationaler Menschenrechtspreis und Friedenstafel N\u00fcrnberg 2013<br \/>\nngg_shortcode_18_placeholder<br \/>\nWeitere Bilder auch auf <a href=\"http:\/\/gaycon.de\/reportagen\/menschenrechtspreis-2013\/\">gaycon.de<\/a><\/p>\n<p>CSD SaarLorLux 2013<br \/>\nngg_shortcode_19_placeholder<\/p>\n<p>Sirena 2013 (<i>Konzertbilder von <a href=\"http:\/\/www.nuernbergluftbild.de\/\">Hajo Dietz<\/a><\/i>)<br \/>\nngg_shortcode_20_placeholder<br \/>\nWeitere Bilder auch auf <a href=\"http:\/\/gaycon.de\/events\/sirena-ch%C3%B6refestival-2013\/\">gaycon.de<\/a><\/p>\n<p>Eindr\u00fccke aus Salderatzen<br \/>\nngg_shortcode_21_placeholder<\/p>\n<p>Die Hochzeit der Figaros &#8211; reloaded<br \/>\nngg_shortcode_22_placeholder<\/p>\n<p>Saarqueerele 2012<br \/>\nngg_shortcode_23_placeholder<\/p>\n<p>Die Hochzeit der Figaros<br \/>\nngg_shortcode_24_placeholder<\/p>\n<p>Die Tr\u00e4llerpfeifen 2011<br \/>\nngg_shortcode_25_placeholder<\/p>\n","protected":false},"excerpt":{"rendered":"<p>Parnterst\u00e4dte &#8211; Partnerch\u00f6re: Krakofonia in N\u00fcrnberg 2025 Fotos Gaycon MaleDIVEN 2024 CSD 2023 in N\u00fcrnberg Various Voices 2023 in Bologna Partnerst\u00e4dte &#8211; Partnerch\u00f6re: die Doodles in N\u00fcrnberg INZIdance in Stuttgart mit der Rosa Note 2023 Monaccord 2022 Diven &#8211; Lieder der G\u00f6ttlichen 2022 CSD N\u00fcrnberg 2021 2020: Hospizverein, Wanderung PraguePride 2019 &#8211; Rathausempfang, Konzert und [&hellip;]<\/p>\n","protected":false},"author":753,"featured_media":0,"parent":0,"menu_order":1,"comment_status":"closed","ping_status":"closed","template":"","meta":{"ngg_post_thumbnail":0,"footnotes":""},"class_list":["post-74","page","type-page","status-publish","hentry"],"_links":{"self":[{"href":"https:\/\/www.traellerpfeifen.de\/index.php?rest_route=\/wp\/v2\/pages\/74","targetHints":{"allow":["GET"]}}],"collection":[{"href":"https:\/\/www.traellerpfeifen.de\/index.php?rest_route=\/wp\/v2\/pages"}],"about":[{"href":"https:\/\/www.traellerpfeifen.de\/index.php?rest_route=\/wp\/v2\/types\/page"}],"author":[{"embeddable":true,"href":"https:\/\/www.traellerpfeifen.de\/index.php?rest_route=\/wp\/v2\/users\/753"}],"replies":[{"embeddable":true,"href":"https:\/\/www.traellerpfeifen.de\/index.php?rest_route=%2Fwp%2Fv2%2Fcomments&post=74"}],"version-history":[{"count":90,"href":"https:\/\/www.traellerpfeifen.de\/index.php?rest_route=\/wp\/v2\/pages\/74\/revisions"}],"predecessor-version":[{"id":2470,"href":"https:\/\/www.traellerpfeifen.de\/index.php?rest_route=\/wp\/v2\/pages\/74\/revisions\/2470"}],"wp:attachment":[{"href":"https:\/\/www.traellerpfeifen.de\/index.php?rest_route=%2Fwp%2Fv2%2Fmedia&parent=74"}],"curies":[{"name":"wp","href":"https:\/\/api.w.org\/{rel}","templated":true}]}}

<p>Parnterstädte &#8211; Partnerchöre: Krakofonia in Nürnberg 2025<br />
Fotos <a href="https://www.gaycon.de">Gaycon</a><br />
ngg_shortcode_0_placeholder</p>
<p>MaleDIVEN 2024<br />
ngg_shortcode_1_placeholder</p>
<p>CSD 2023 in Nürnberg<br />
ngg_shortcode_2_placeholder</p>
<p>Various Voices 2023 in Bologna<br />
ngg_shortcode_3_placeholder</p>
<p>Partnerstädte &#8211; Partnerchöre: die Doodles in Nürnberg<br />
ngg_shortcode_4_placeholder</p>
<p>INZIdance in Stuttgart mit der Rosa Note 2023<br />
ngg_shortcode_5_placeholder</p>
<p>Monaccord 2022<br />
ngg_shortcode_6_placeholder</p>
<p>Diven &#8211; Lieder der Göttlichen 2022<br />
ngg_shortcode_7_placeholder</p>
<p>CSD Nürnberg 2021<br />
ngg_shortcode_8_placeholder</p>
<p>2020: Hospizverein, Wanderung<br />
ngg_shortcode_9_placeholder</p>
<p>PraguePride 2019 &#8211; Rathausempfang, Konzert und Parade<br />
ngg_shortcode_10_placeholder</p>
<p>CSD Nürnberg 2019 &#8211; Freiheit und Parade<br />
ngg_shortcode_11_placeholder</p>
<p>Kreisch 2019 &#8211; Süddeutsches Schwul-Lesbisches Chöretreffen in Karlsruhe<br />
ngg_shortcode_12_placeholder</p>
<p>Jubiläumskonzert 20 Jahre Trällerpfeifen, Reprise im Südpunkt 12.11.2017 (Bilder von Sophie Greß)<br />
ngg_shortcode_13_placeholder</p>
<p>Konzertausschnitte 2014-2016<br />
<iframe loading="lazy" src="https://www.youtube.com/embed/dRv7Q61inII" allowfullscreen="allowfullscreen" width="560" height="315" frameborder="0"></iframe></p>
<p>Straßenfest gegen Rassismus und Diskriminierung 11.06.2016<br />
ngg_shortcode_14_placeholder</p>
<p>QueerTakte Mainz 04.-07.06.2015<br />
ngg_shortcode_15_placeholder</p>
<p>Various Voices Dublin 13.-16.06.2014<br />
ngg_shortcode_16_placeholder<br />
<!--
<iframe loading="lazy" width="560" height="315" src="https://www.youtube.com/embed/R9W7VjLdp-4" frameborder="0" allowfullscreen></iframe>
--></p>
<p>Estragon 08.02.2014<br />
ngg_shortcode_17_placeholder</p>
<p>Internationaler Menschenrechtspreis und Friedenstafel Nürnberg 2013<br />
ngg_shortcode_18_placeholder<br />
Weitere Bilder auch auf <a href="http://gaycon.de/reportagen/menschenrechtspreis-2013/">gaycon.de</a></p>
<p>CSD SaarLorLux 2013<br />
ngg_shortcode_19_placeholder</p>
<p>Sirena 2013 (<i>Konzertbilder von <a href="http://www.nuernbergluftbild.de/">Hajo Dietz</a></i>)<br />
ngg_shortcode_20_placeholder<br />
Weitere Bilder auch auf <a href="http://gaycon.de/events/sirena-ch%C3%B6refestival-2013/">gaycon.de</a></p>
<p>Eindrücke aus Salderatzen<br />
ngg_shortcode_21_placeholder</p>
<p>Die Hochzeit der Figaros &#8211; reloaded<br />
ngg_shortcode_22_placeholder</p>
<p>Saarqueerele 2012<br />
ngg_shortcode_23_placeholder</p>
<p>Die Hochzeit der Figaros<br />
ngg_shortcode_24_placeholder</p>
<p>Die Trällerpfeifen 2011<br />
ngg_shortcode_25_placeholder</p>

<p>Parnterstädte &#8211; Partnerchöre: Krakofonia in Nürnberg 2025 Fotos Gaycon MaleDIVEN 2024 CSD 2023 in Nürnberg Various Voices 2023 in Bologna Partnerstädte &#8211; Partnerchöre: die Doodles in Nürnberg INZIdance in Stuttgart mit der Rosa Note 2023 Monaccord 2022 Diven &#8211; Lieder der Göttlichen 2022 CSD Nürnberg 2021 2020: Hospizverein, Wanderung PraguePride 2019 &#8211; Rathausempfang, Konzert und [&hellip;]</p>
